{"id":197,"date":"2014-01-28T14:02:19","date_gmt":"2014-01-28T13:02:19","guid":{"rendered":"http:\/\/www.rutasporespana.es\/blog\/?page_id=197"},"modified":"2025-07-31T15:37:59","modified_gmt":"2025-07-31T13:37:59","slug":"conocenos","status":"publish","type":"page","link":"https:\/\/www.rutasporespana.es\/blog\/conocenos\/","title":{"rendered":"Con\u00f3cenos"},"content":{"rendered":"<p><em>Rutas por Espa\u00f1a<\/em>, nace como un blog donde poder contar nuestra experiencia viajando por los diferentes lugares de Espa\u00f1a. Lo forman:<\/p>\n<figure id=\"attachment_2489\" aria-describedby=\"caption-attachment-2489\" style=\"width: 474px\" class=\"wp-caption aligncenter\"><a href=\"https:\/\/i0.wp.com\/www.rutasporespana.es\/blog\/wp-content\/uploads\/2014\/01\/Sevilla-136.jpg?ssl=1\"><img data-recalc-dims=\"1\" loading=\"lazy\" decoding=\"async\" class=\"wp-image-2489 size-full\" src=\"https:\/\/i0.wp.com\/www.rutasporespana.es\/blog\/wp-content\/uploads\/2014\/01\/Sevilla-136.jpg?resize=474%2C400&#038;ssl=1\" alt=\"Jos\u00e9 Escribano\" width=\"474\" height=\"400\" \/><\/a><figcaption id=\"caption-attachment-2489\" class=\"wp-caption-text\">Jos\u00e9 Escribano<\/figcaption><\/figure>\n<p><em><strong>Jos\u00e9 Escribano:<\/strong> Ingeniero Inform\u00e1tico y apasionado de los viajes. Aprovecho mi tiempo libre para indagar sobre nuevos lugares que visitar y cuando el tiempo y el dinero lo permite viajar para conocerlos.<\/em><\/p>\n<figure id=\"attachment_360\" aria-describedby=\"caption-attachment-360\" style=\"width: 362px\" class=\"wp-caption aligncenter\"><a href=\"https:\/\/i0.wp.com\/www.rutasporespana.es\/blog\/wp-content\/uploads\/2014\/02\/Nosotros-143.jpg?ssl=1\"><img data-recalc-dims=\"1\" loading=\"lazy\" decoding=\"async\" class=\" wp-image-360\" src=\"https:\/\/i0.wp.com\/www.rutasporespana.es\/blog\/wp-content\/uploads\/2014\/02\/Nosotros-143.jpg?resize=362%2C439&#038;ssl=1\" alt=\"Alicia Garc\u00eda\" width=\"362\" height=\"439\" \/><\/a><figcaption id=\"caption-attachment-360\" class=\"wp-caption-text\">Alicia Garc\u00eda<\/figcaption><\/figure>\n<p><em><strong>Alicia Garc\u00eda:<\/strong> Trabajadora Social y Fot\u00f3grafo. Me paso el d\u00eda con la c\u00e1mara en la mano para plasmar cualquier rinc\u00f3n. Disfruto tambi\u00e9n de los viajes y busco la instant\u00e1nea perfecta.<\/em><\/p>\n<p>Y desde hace 7 a\u00f1os hemos incorporado una nueva persona a nuestro grupo de viaje, que esperemos podamos transmitir nuestro gusto por viajar, nuestro hijo Adri\u00e1n.<\/p>\n<p>Juntos formamos este proyecto que intenta facilitar este arduo labor que es planificar un viaje de una manera sencilla y que m\u00e1s de uno descubra todos los rincones que esconde este hermoso pa\u00eds.<\/p>\n<p>Si quieres conocernos mejor, aqu\u00ed puedes ver la charla que dimos en Fitur 2017 en el stand de Goldcar<br \/>\n<iframe loading=\"lazy\" src=\"https:\/\/www.youtube.com\/embed\/MuusvOy35AY\" width=\"560\" height=\"315\" frameborder=\"0\" allowfullscreen=\"allowfullscreen\"><\/iframe><\/p>\n<p><strong>S\u00edguenos en las redes sociales<\/strong><\/p>\n<ul>\n<li>Twitter:\u00a0<a href=\"https:\/\/x.com\/RutasporEspana\/\" target=\"_blank\" rel=\"noopener noreferrer\">https:\/\/x.com\/RutasporEspana\/<\/a><\/li>\n<li>Facebook:\u00a0<a href=\"https:\/\/www.facebook.com\/rutasporespana\/\" target=\"_blank\" rel=\"noopener noreferrer\">https:\/\/www.facebook.com\/rutasporespana\/<\/a><\/li>\n<li>Instagram:\u00a0<a href=\"https:\/\/www.instagram.com\/rutasporespana\/\" target=\"_blank\" rel=\"noopener noreferrer\">https:\/\/www.instagram.com\/rutasporespana\/<\/a><\/li>\n<li>LinkedIn: <a class=\"view-public-profile\" title=\"Ver perfil p\u00fablico\" href=\"https:\/\/es.linkedin.com\/in\/aliciagarciad\" name=\"webProfileURL\">https:\/\/es.linkedin.com\/in\/aliciagarciad<\/a><\/li>\n<\/ul>\n","protected":false},"excerpt":{"rendered":"<div class=\"mh-excerpt\"><p>Rutas por Espa\u00f1a, nace como un blog donde poder contar nuestra experiencia viajando por los diferentes lugares de Espa\u00f1a. Lo forman: Jos\u00e9 Escribano: Ingeniero Inform\u00e1tico <a class=\"mh-excerpt-more\" href=\"https:\/\/www.rutasporespana.es\/blog\/conocenos\/\" title=\"Con\u00f3cenos\">[&#8230;]<\/a><\/p>\n<\/div>","protected":false},"author":1,"featured_media":0,"parent":0,"menu_order":0,"comment_status":"open","ping_status":"closed","template":"","meta":{"footnotes":""},"class_list":["post-197","page","type-page","status-publish","hentry"],"aioseo_notices":[],"jetpack_sharing_enabled":false,"_links":{"self":[{"href":"https:\/\/www.rutasporespana.es\/blog\/wp-json\/wp\/v2\/pages\/197","targetHints":{"allow":["GET"]}}],"collection":[{"href":"https:\/\/www.rutasporespana.es\/blog\/wp-json\/wp\/v2\/pages"}],"about":[{"href":"https:\/\/www.rutasporespana.es\/blog\/wp-json\/wp\/v2\/types\/page"}],"author":[{"embeddable":true,"href":"https:\/\/www.rutasporespana.es\/blog\/wp-json\/wp\/v2\/users\/1"}],"replies":[{"embeddable":true,"href":"https:\/\/www.rutasporespana.es\/blog\/wp-json\/wp\/v2\/comments?post=197"}],"version-history":[{"count":0,"href":"https:\/\/www.rutasporespana.es\/blog\/wp-json\/wp\/v2\/pages\/197\/revisions"}],"wp:attachment":[{"href":"https:\/\/www.rutasporespana.es\/blog\/wp-json\/wp\/v2\/media?parent=197"}],"curies":[{"name":"wp","href":"https:\/\/api.w.org\/{rel}","templated":true}]}}